rs of 365485287?
3, 8089, 15061
List the prime factors of 235207607.
103, 331, 6899
What are the prime factors of 226099965?
3, 5, 7, 13, 23663
What are the prime factors of 141499893?
3, 1427, 33053
What are the prime factors of 5376733046?
2, 23, 1031, 113371
List the prime factors of 746725301.
7, 79, 1350317
List the prime factors of 1742991492.
2, 3, 11, 31, 193, 2207
List the prime factors of 3561453016.
2, 11, 181, 20327
List the prime factors of 81648063.
3, 7, 26449
What are the prime factors of 215379864?
2, 3, 7, 181, 787
What are the prime factors of 25991057?
37, 181, 3881
List the prime factors of 89811257.
89811257
List the prime factors of 670811164.
2, 167702791
List the prime factors of 4483181361.
3, 1494393787
What are the prime factors of 261601927?
261601927
List the prime factors of 135513186.
2, 3, 103, 219277
List the prime factors of 55511750.
2, 5, 7, 31721
List the prime factors of 35462996.
2, 8865749
List the prime factors of 358257483.
3, 19, 31, 3557
List the prime factors of 244695658.
2, 67, 103, 17729
What are the prime factors of 102710556?
2, 3, 13, 219467
What are the prime factors of 658666168?
2, 251, 331, 991
List the prime factors of 1044065439.
3, 3671, 31601
What are the prime factors of 29141635?
5, 367, 15881
What are the prime factors of 179571?
3, 7, 17, 503
What are the prime factors of 61716774?
2, 3, 7, 23, 9127
What are the prime factors of 2606616006?
2, 3, 434436001
List the prime factors of 3472491329.
37, 2213, 42409
List the prime factors of 260473003.
7, 191, 194819
What are the prime factors of 2443915421?
3821, 639601
List the prime factors of 20511468.
2, 3, 29, 37, 59
What are the prime factors of 1962954787?
251, 331, 23627
What are the prime factors of 66152325?
3, 5, 882031
What are the prime factors of 689681655?
3, 5, 13, 392981
List the prime factors of 42992638.
2, 13, 691, 2393
What are the prime factors of 660002509?
17, 1997, 19441
What are the prime factors of 27012609?
3, 13, 17, 503
List the prime factors of 34788119.
34788119
List the prime factors of 6529316111.
37, 263, 673, 997
List the prime factors of 381594477.
3, 11, 59, 195991
What are the prime factors of 667363948?
2, 166840987
What are the prime factors of 235206781?
17, 149, 92857
What are the prime factors of 797168882?
2, 277, 1438933
What are the prime factors of 46881946?
2, 23440973
List the prime factors of 47341608.
2, 3, 1972567
What are the prime factors of 4030307?
251, 16057
What are the prime factors of 74844920?
2, 5, 379, 4937
List the prime factors of 1924324135.
5, 41, 383, 24509
List the prime factors of 1458523115.
5, 7, 61, 683149
List the prime factors of 25098563.
7, 19, 188711
What are the prime factors of 2159660683?
79, 149, 183473
What are the prime factors of 189227401?
11, 17202491
List the prime factors of 159290080.
2, 5, 977, 1019
List the prime factors of 161386577.
11, 347, 42281
List the prime factors of 1156107966.
2, 3, 13, 14821897
List the prime factors of 39002997.
3, 11, 47, 25147
What are the prime factors of 82550937?
3, 7, 593, 947
List the prime factors of 100775104.
2, 1574611
What are the prime factors of 2518470907?
31, 53, 1532849
List the prime factors of 818822308.
2, 29, 7058813
What are the prime factors of 18122407?
563, 32189
What are the prime factors of 6906710563?
293, 1129, 20879
What are the prime factors of 2188645945?
5, 47, 107, 87041
What are the prime factors of 146016088?
2, 41, 367, 1213
List the prime factors of 92781556.
2, 7, 29, 163, 701
List the prime factors of 23950552.
2, 17, 61, 2887
What are the prime factors of 82303828?
2, 659, 31223
List the prime factors of 976370851.
89, 10970459
List the prime factors of 889368639.
3, 47, 1481, 4259
What are the prime factors of 1156442921?
23, 50280127
What are the prime factors of 567832697?
59, 1951, 4933
List the prime factors of 1041686640.
2, 3, 5, 73, 19819
List the prime factors of 3550622.
2, 461, 3851
List the prime factors of 5329054.
2, 23, 115849
List the prime factors of 802795569.
3, 2153, 124291
List the prime factors of 2539035468.
2, 3, 631, 111773
List the prime factors of 3080974336.
2, 11, 19, 59, 61
What are the prime factors of 1385853066?
2, 3, 13, 455573
What are the prime factors of 756161141?
157, 1433, 3361
List the prime factors of 24131421.
3, 347, 7727
What are the prime factors of 41696715?
3, 5, 2779781
List the prime factors of 34943623.
11, 13, 18797
List the prime factors of 421745802.
2, 3, 23, 3056129
List the prime factors of 111492906.
2, 3, 7, 2654593
What are the prime factors of 74107635?
3, 5, 7, 705787
List the prime factors of 122839610.
2, 5, 12283961
What are the prime factors of 560616796?
2, 2129, 65831
List the prime factors of 2368716763.
7, 47, 7199747
List the prime factors of 23459020.
2, 5, 13, 90227
List the prime factors of 87832612.
2, 7, 233, 13463
What are the prime factors of 10990145?
5, 2198029
What are the prime factors of 756920802?
2, 3, 11, 11468497
List the prime factors of 5673928820.
2, 5, 7, 4723, 8581
What are the prime factors of 54502642?
2, 251, 108571
What are the prime factors of 210525934?
2, 71, 1482577
What are the prime factors of 113669486?
2, 7, 131, 61979
What are the prime factors of 118440482?
2, 59220241
List the prime factors of 1337113711.
179, 311, 24019
What are the prime factors of 12063847?
12063847
What are the prime factors of 163137273?
3, 13, 4183007
List the prime factors of 134372351.
19, 557, 12697
What are the prime factors of 32335206?
2, 3, 1669, 3229
List the prime factors of 625107944.
2, 78138493
List the prime factors of 16591467.
3, 5530489
What are the prime factors of 208625578?
2, 7, 14901827
List the prime factors of 68824481.
11, 6256771
What are the prime factors of 50156141?
7, 491, 14593
List the prime factors of 77834460.
2, 3, 5, 11, 71, 151
What are the prime factors of 44020714?
2, 373, 59009
List the prime factors of 175742235.
3, 5, 3905383
List the prime factors of 920643011.
23, 79, 506683
What are the prime factors of 69957474?
2, 3, 43, 263, 1031
What are the prime factors of 3498090193?
13, 41, 6563021
What are the prime factors of 46329430?
2, 5, 7, 661849
List the prime factors of 79557043.
787, 101089
List the prime factors of 197214733.
223, 884371
What are the prime factors of 631539805?
5, 13, 1723, 5639
What are the prime factors of 12060641?
12060641
List the prime factors of 23668426.
2, 23, 514531
What are the prime factors of 6155917193?
53, 211, 550471
List the prime factors of 145140084.
2, 3, 17, 237157
List the prime factors of 459992808.
2, 3, 11, 673, 863
List the prime factors of 3444044132.
2, 23333, 36901
List the prime factors of 3410686986.
2, 3, 7, 43, 59, 32009
What are the prime factors of 3850677031?
3850677031
What are the prime factors of 6205908?
2, 3, 277, 1867
What are the prime factors of 38144088?
2, 3, 137, 1289
List the prime factors of 3464202530.
2, 5, 346420253
List the prime factors of 132333978.
2, 3, 7, 31, 37, 41, 67
What are the prime factors of 19488336?
2, 3, 7, 31, 1871
What are the prime factors of 447944221?
447944221
List the prime factors of 3144568099.
37, 84988327
List the prime factors of 5071617783.
3, 23, 24500569
What are the prime factors of 467993106?
2, 3, 7, 41, 30197
What are the prime factors of 5532705?
3, 5, 19, 719
What are the prime factors of 1117516168?
2, 59, 2367619
List the prime factors of 23021531.
13, 1770887
What are the prime factors of 25915759?
113, 229343
What are the prime factors of 607719356?
2, 97, 997, 1571
What are the prime factors of 87763887?
3, 281, 34703
List the prime factors of 79206095.
5, 73, 217003
List the prime factors of 50399027.
7, 7199861
List the prime factors of 366460846.
2, 183230423
List the prime factors of 436380305.
5, 87276061
List the prime factors of 66273071.
31, 2137841
List the prime factors of 1905124807.
1905124807
List the prime factors of 38493238.
2, 7, 353, 7789
List the prime factors of 446456134.
2, 37, 41, 147151
List the prime factors of 1068705341.
11, 101, 397, 2423
What are the prime factors of 254645997?
3, 31, 2738129
What are the prime factors of 385837388?
2, 41, 401, 5867
List the prime factors of 18464364.
2, 3, 512899
What are the 